13?
-88
Evaluate -142 + (93 - -4) - (6 + -33).
-18
-19 + (-88 - -15 - (-1 - 24))
-67
Evaluate -45 - -118 - (-11 - -10).
74
What is the value of 27 + (31 - 13) + 2 + -5?
42
Evaluate -22 - 22 - -9 - (-5 - 12).
-18
Evaluate (8 - 7) + (0 - -1) - (61 + (19 - 46)).
-32
-210 + 416 + -196 + (-2 - 130)
-122
What is -44 + 16 - (-11 + -26)?
9
-104 + (13 - (0 - -32) - -35)
-88
(-4 - -11) + -2 + (1 - (2 + -1 + -2))
7
What is -122 - -43 - (-10 + (0 + 2 - (-9 - -8)))?
-72
Calculate -28 + -7 - (505 - 541).
1
Evaluate -74 - (-57 + 63 + -23).
-57
What is (1 + 76 - -1) + 9?
87
What is (5 - (15 + 0 + -7)) + 21 + 6?
24
Calculate 1 - (2460 - 2530 - (2 - 4 - 8)).
61
Calculate 34 + -41 + (14 - 13).
-6
What is the value of (-14 - (-26 - 9)) + 7 + 11?
39
Evaluate (-42 - -52) + 36 + -1 + -2 + -7.
36
What is the value of (-38 - -4) + (250 - 202)?
14
What is the value of 0 + (124 + -72 - 55 - (-1 + 107))?
-109
What is the value of -8 - 0 - (-35 - -7) - 7 - -47?
60
Evaluate (-37 - (52 - 81)) + (-95 - 12).
-115
What is the value of 2 + -24 - (-23 - (-48 + 11))?
-36
What is -51 + 4 + 1 + -66 + 70?
-42
Calculate 191 + -178 + -22 + 1 + -20.
-28
What is the value of (1059 - 1075) + (5 + -2 - -18)?
5
What is 0 - ((-19 - 37) + 18)?
38
Evaluate -18 + (98 - (-5 + 0 - (49 + -57))).
77
-11 + 44 + (-17 + 24 - 27)
13
Calculate 13 - (-25 - -15 - (-55 + (-5 - -1))).
-36
What is the value of 14 + -8 + 17 + (-7 - 9) + -94?
-87
Evaluate -8 - ((-24 - -30) + -37) - -31.
54
Calculate (6297 - 6299 - (-2 + 2 + 1 + -9)) + -26.
-20
Evaluate (-16 - ((-9 - (16 + -21)) + 50)) + -8.
-70
What is the value of (2 - 16) + -118 + 99 - -9?
-24
What is 17 - (77 - (14 - -47))?
1
-24 + (42 - 30) + 13 + 72
73
What is 26 + -99 + (33 - (14 + 2 + -3))?
-53
Calculate 29 - 4 - (197 + -156).
-16
Evaluate 64 + 1 + (-54 - -14).
25
Calculate (-32 - -73) + -172 + 20.
-111
Calculate -6 + (-25 - (-10 + -22)).
1
(-7 + -39 + 20 - -31) + (-3 - -5 - -62)
69
Evaluate (146 - ((-3 - 33) + 22 - -24)) + -9.
127
What is 48 + (73 - 78) + (-84 - -1)?
-40
Calculate -7 - -20 - (-6 + 3 + 1).
15
What is -45 + 2 + (-4 - (-7 + 14 + -5 + -3))?
-46
-25 + (53 - (-1 - -19 - -5))
5
What is the value of 139 + -126 + (4 + -3 + -3 - -4)?
15
What is 0 + (16 - 42) + 14 - (4 + 68)?
-84
(-11 - -8) + -5 - -37
29
(39 - 1) + 1 - (-403 + 488 - (69 + 1))
24
What is the value of 104 + 1 - (-3091 + 3298)?
-102
Calculate 83 - (-3 + 23) - (1 - -8) - 19.
35
Evaluate (23 - -49 - 56) + (-2 - -16).
30
Calculate (25 + 142 - 31) + -113.
23
What is the value of 55 - (8 - (22 - -3 - 40))?
32
What is 33 + (9 - 1 - (-27 - -22)) + 1 + -13?
34
What is the value of (31 - 37 - (-6 - 0)) + -62?
-62
Calculate (23 - 32) + 62 - (5 + (-5 - -5) - 6).
54
What is 29 + -11 + -13 - (62 + -45)?
-12
-53 + 61 - 5 - -12
15
What is the value of 0 + -21 - (13 - -33 - 207)?
140
What is 3 + 70 - ((32 + -14 - -10) + -19)?
64
Evaluate (150 - 133 - (13 - 3)) + -96.
-89
(-76 - -40 - 10) + 15
-31
What is the value of (-3 - (-10 - -35)) + 6 + -14?
-36
What is (1380 - 1307) + 3 + -22?
54
Calculate -3 + (-22 - (0 + -54)).
29
-34 + (50 - 33) + (-33 - -14)
-36
Evaluate -1 + -74 + (-1702 - -1703).
-74
Evaluate 1 + (38 - -3 - -6) + (28 - 10 - 10).
56
Evaluate (-7 - (3 - 31)) + -104 - -13.
-70
1 - 25 - (-121 - (-19 + -130))
-52
Calculate (-40 - -5) + (64 - 13).
16
What is -1 - ((-467 - -490) + -4 + 0)?
-20
Calculate -23 - (-4 + -17 + 6 + 6 - (-8 - -6)).
-16
What is -88 + 49 - (-15 - -19)?
-43
What is (4 - (22 + -19 - 0)) + -46 + -1?
-46
Evaluate 2 + 113 + 2 + (-26 + 24 - (6 - 0)).
109
Evaluate -8 - (-4 + -4 - (18 - 7)) - 50.
-39
What is the value of -66 + (-1013 - -1021) + -2 + -19?
-79
What is (-1 - (1 - 20)) + 3 - (-4089 + 4155)?
-45
-30 - (6 + 31 - (-102 + 119))
-50
What is the value of (41 - (13 - 12)) + -10 + 21 + 7?
58
What is -81 + -45 + 158 + (18 - 2)?
48
What is the value of (-12 - (22 + -39 + -1 + 2)) + 10?
14
Calculate (-5 - 1) + (-12 - (21 - 12)).
-27
14 + 11 + (-10 - 23)
-8
Evaluate 6 + (-2 - 43 - (-12 + (14 - 17))).
-24
Calculate 29 - 19 - ((22 - 25) + 21 + -24).
16
What is the value of 1 + (293 - 298) + (26 - -1) + 9?
32
What is 6 + -10 + 9 + -7 + (-33 - (-4 - -33))?
-64
Evaluate 10 - (15 - (-27 - -21)).
-11
Calculate -37 - 23 - (6 - 58).
-8
What is -68 - (2 + -3 + -74 + 56)?
-49
-12 + -5 + -20 + 4 + 2
-31
What is -1 + -33 - (12 + -34) - 20?
-32
Calculate 72 + -50 - (21 - -26).
-25
What is 44 - (55 - (15 + 44))?
48
Evaluate 1705 + -1761 - (0 - -23).
-79
Evaluate (58 - 50) + (0 - -1) - (10 + -4).
3
What is 53 + (-2 - 6) + -80?
-35
Evaluate (3 - (-8 - -21)) + (-22 - 25).
-57
Evaluate -71 + (39 - -22) - -3.
-7
2 + 15 + (-327 - -296) + -3
-17
What is the value of 2 + -122 + (34 - -90) + 1 + 2?
7
What is -165 + 134 - -102 - (-6 + 4 + 13 + 1)?
59
4 + 1 + (-1 - 3 - (-22 - (-22 - 8)))
-7
Evaluate 4 - 18 - (437 + -483 + (-1 - -33)).
0
Evaluate -38 - (-20 - 4 - 12).
-2
What is (-2 - -38 - (7 - 3)) + (176 - 171)?
37
What is 50 - (66 - (-71 - -78))?
-9
-74 + 101 - (-53 + 81)
-1
100 - (13 + 62 + -61 + 21)
65
29 - (30 - (-9 - -36))
26
What is the value of (-3 - (17 + -11 + 9)) + 62 + 29?
73
Evaluate (1423 - 1410) + (-32 - (-3 - -3)) + -2.
-21
Calculate (9 - (12 - (-15 + 20))) + -4 + -91.
-93
What is the value of -51 + 1 + -49 + 67 + -23?
-55
What is 102 - 112 - (-16 + 8 + 51)?
-53
-1 + -1 + 0 - ((-26 - 34) + (-7 - -14))
51
Calculate -2 + 25 + (-64 - -11) + 31.
1
Evaluate 83 + -56 + (1 - 13) - 35.
-20
-3 + (118 - (-73 - -139)) + (16 - 0)
65
(-35 - -58) + (-7 - (4 - 1))
13
Evaluate 58 + -45 - -14 - 18.
9
Evaluate 23 + (-30 - -8) + -6 + 1 + -79.
-83
What is 2339 + -2377 - (-2 - -28)?
-64
Calculate -2 - -3 - -10 - (-83 - (-23 - 29)).
42
What is (10 - 30) + (-103 - -86)?
-37
What is 28 - (8 - (-52 + 29)) - (-1 + -38)?
36
What is the value of (-418 - -402) + 1 + 15 + -72 + -4 + -1?
-77
Evaluate -10 + 36 + -41 + 39 + 2 + 7.
33
What is 58 - (-11 - (3 - (-1 - 1) - 9)) - 10?
55
What is the value of -60 - (12 - 7) - (18 - (50 + -33))?
-66
Calculate (8 - (-13 + 34 + -10)) + 5 - (20 - 0).
-18
What is -10 - -25 - 7 - (-2 - -1 - 15)?
24
Calculate -61 + -72 + 70 + 85.
22
(-10 - -31) + (13 - (-5 + (-2 - -7) - -7))
27
What is the value of 0 + -8 - (21 - (129 - (58 + -47)))?
89
Evaluate (-3 - 2 - (-65 + 63)) + 9 - 20.
-14
What is -50 + 1 + (0 - -5) + (-82 - -35) + 42?
-49
What is the value of 7 + (-545 - -548 - (2 + 2 + -1))?
7
What is the value of 0 + -11 + (-1886 + 1883 - (113 + 3 - 1))?
-129
Calculate 159 + -331 - -174 - (-2 + 2 + 88 + 2).
-88
What is -9 + (-1 - (-4 + 2)) + (-51 - -52) + 6?
-1
What is 8 - (44 - (1 - 18 - -14) - 13)?
-26
What is -5 + -1 + 2 + (59 + -35 - 4)?
16
Evaluate 0 - 77 - (283 + (-44 - 239)).
-77
What is -16 + (-21 - -12) + 116 + -21?
70
Calculate -25515 - -25531 - (1 - ((-69 - -1) + -3)).
-56
Evaluate 18 + 0 + (56 + 14 + -22 - 22).
44
-36 + 12 + 94 + -113
-43
Evaluate 40 + -124 + 61 + -3.
-26
7 + -64 + 12 + (30 - 22)
-37
What is the value of (-14 - -3) + (-86 - (-24 + 7))?
-80
What is the value of 4 + -1 + (54 - (-71 + 118))?
10
What is -36 + (-22 - -1) + 764 + -780?
-73
Calculate (-2 - (0 - -36 - 0)) + 2489 + -2472.
-21
What is the value of 4 - (24 - 9 - -7 - 21)?
3
(16 - (8 + 7) - 50) + -1
-50
Calculate (-14 - -60) + -48 + -4 + 49 - (0 - 1).
44
What is (2 + -3 + 5 - -6) + (-9 - (0 - -21))?
-20
What is the value of 25 + (-18 - (9 + -11)) - (-14 + -2)?
25
(-2 - 2) + (68 - 43) + -36
-15
Calculate (-7 - (-12 - -23)) + -52 + 24.
-46
Calculate -70 + 228 + -60 - 188.
-90
What is 122 - 131 - (-3 + -2 - (25 - -54))?
75
Calculate (16 + -4 - -39) + -60.
-9
Evaluate -56 + 59 + -9 + 66.
60
What is -6 + 10 + 45 - (-5 + -13 + 25)?
42
-37 - (-2 - (10 - -1) - (-82 - -73) - -6)
-39
17 - (-6 + (17 - 0)) - (54 + -8)
-40
Calculate -17 + 13 + 0 + (-6 - -7).
-3
140 + -55 + 37 + -30
92
Evaluate (-1 - -36) + (-1765 - -1798).
68
What is 2 + -45 - (7371 + -7330)?
-84
16 + (35 - (-3 + -4)) + (-12 - -15)
61
2 + -5 + 7 + (-10 - (16 + -19 + -17))
14
What is 1 - (613 + -717 - (-36 + 1))?
70
What is the value of (-63 - (-36 + -16)) + 46 + 0?
35
Calculate 34 - (35 + -77) - 47.
29
-57 + -67 + 40 - -15
-69
1 + 205 + (85 - 212)
79
What is -7 + -5 + 22 + (-19 - -11) - 12?
-10
What is the value of -136 - (-143 + 146 + -9)?
-130
What is the value of 27 - ((607 - 602) + (-1 - 25))?
48
Calculate 18 + -1 + -52 + 34.
-1
What is the 